{"id":3311,"date":"2025-05-26T05:56:06","date_gmt":"2025-05-26T05:56:06","guid":{"rendered":"http:\/\/vimsa.solutions\/wordpress\/?page_id=3311"},"modified":"2025-06-13T05:02:00","modified_gmt":"2025-06-13T05:02:00","slug":"construcionremodelacionmantenimiento","status":"publish","type":"page","link":"http:\/\/vimsa.solutions\/wordpress\/construcionremodelacionmantenimiento\/","title":{"rendered":"Construcci\u00f3n"},"content":{"rendered":"\t\t<div data-elementor-type=\"wp-page\" data-elementor-id=\"3311\" class=\"elementor elementor-3311\" data-elementor-post-type=\"page\">\n\t\t\t\t<div class=\"elementor-element elementor-element-42d65676 e-con-full e-flex e-con e-parent\" data-id=\"42d65676\" data-element_type=\"container\" data-settings=\"{&quot;background_background&quot;:&quot;classic&quot;}\">\n\t\t<div class=\"elementor-element elementor-element-1210c94 e-con-full e-flex e-con e-child\" data-id=\"1210c94\" data-element_type=\"container\">\n\t\t\t\t<\/div>\n\t\t\t\t<\/div>\n\t\t<div class=\"elementor-element elementor-element-1f6e38c e-flex e-con-boxed e-con e-parent\" data-id=\"1f6e38c\" data-element_type=\"container\">\n\t\t\t\t\t<div class=\"e-con-inner\">\n\t\t<div class=\"elementor-element elementor-element-0645484 e-con-full e-flex e-con e-child\" data-id=\"0645484\" data-element_type=\"container\">\n\t\t\t\t<div class=\"elementor-element elementor-element-5a30951 elementor-widget elementor-widget-text-editor\" data-id=\"5a30951\" data-element_type=\"widget\" data-widget_type=\"text-editor.default\">\n\t\t\t\t<div class=\"elementor-widget-container\">\n\t\t\t\t\t\t\t\t\t<p data-sourcepos=\"11:1-11:153\">Sabemos que cada nuevo espacio es una inversi\u00f3n estrat\u00e9gica que impacta directamente en su marca y rentabilidad. Por eso, nuestra propuesta se centra en:<\/p><ul data-sourcepos=\"13:1-17:0\"><li data-sourcepos=\"13:1-13:254\"><strong>Escalabilidad y Estandarizaci\u00f3n:<\/strong> Desarrollamos y replicamos proyectos con la misma calidad y eficiencia, independientemente de la ubicaci\u00f3n. Esto garantiza la coherencia de su imagen corporativa y agiliza sus procesos de expansi\u00f3n a nivel nacional.<\/li><li data-sourcepos=\"14:1-14:254\"><strong>Gesti\u00f3n Integral de Proyectos:<\/strong> Desde la conceptualizaci\u00f3n y dise\u00f1o, hasta la ejecuci\u00f3n y entrega, nos encargamos de cada fase. Optimizamos tiempos y recursos, asegurando que cada establecimiento abra sus puertas en el plazo y presupuesto acordados.<\/li><li data-sourcepos=\"15:1-15:200\"><strong>Calidad y Durabilidad:<\/strong> Empleamos materiales de vanguardia y las t\u00e9cnicas constructivas m\u00e1s avanzadas para garantizar edificaciones robustas, funcionales y que reflejen la excelencia de su marca.<\/li><li data-sourcepos=\"16:1-17:0\"><strong>Experiencia y Confianza:<\/strong> Contamos con un equipo multidisciplinario de expertos y un historial probado en proyectos de gran envergadura. Entendemos las complejidades log\u00edsticas y regulatorias que implica construir en diversas plazas.<\/li><\/ul>\t\t\t\t\t\t\t\t<\/div>\n\t\t\t\t<\/div>\n\t\t\t\t<\/div>\n\t\t\t\t\t<\/div>\n\t\t\t\t<\/div>\n\t\t<div class=\"elementor-element elementor-element-a9eddd2 e-flex e-con-boxed e-con e-parent\" data-id=\"a9eddd2\" data-element_type=\"container\">\n\t\t\t\t\t<div class=\"e-con-inner\">\n\t\t<div class=\"elementor-element elementor-element-3ee448b e-con-full e-flex e-con e-child\" data-id=\"3ee448b\" data-element_type=\"container\">\n\t\t\t\t<div class=\"elementor-element elementor-element-b5ef2e4 elementor-widget elementor-widget-heading\" data-id=\"b5ef2e4\" data-element_type=\"widget\" data-widget_type=\"heading.default\">\n\t\t\t\t<div class=\"elementor-widget-container\">\n\t\t\t\t\t<h2 class=\"elementor-heading-title elementor-size-default\"><h2 data-elementor-setting-key=\"title\" data-pen-placeholder=\"Type Here...\" style=\"font-size: 2.41176rem;font-style: normal\">REMODELACI\u00d3N<span style=\"color: var(--ast-global-color-2);font-size: 2.41176rem;font-style: inherit;background-color: var(--ast-global-color-5)\"><\/span><\/h2><\/h2>\t\t\t\t<\/div>\n\t\t\t\t<\/div>\n\t\t\t\t<div class=\"elementor-element elementor-element-b91cca6 elementor-widget elementor-widget-text-editor\" data-id=\"b91cca6\" data-element_type=\"widget\" data-widget_type=\"text-editor.default\">\n\t\t\t\t<div class=\"elementor-widget-container\">\n\t\t\t\t\t\t\t\t\t<p data-sourcepos=\"11:1-11:324\">Nuestra experiencia abarca desde la actualizaci\u00f3n de la imagen de sus puntos de venta hasta la optimizaci\u00f3n de flujos y la integraci\u00f3n de nuevas tecnolog\u00edas.<\/p><p data-sourcepos=\"13:1-13:33\">Nuestra metodolog\u00eda se enfoca en:<\/p><ul data-sourcepos=\"15:1-19:0\"><li data-sourcepos=\"15:1-15:263\"><strong>Minimizaci\u00f3n de Interrupciones:<\/strong> Comprendemos que el tiempo es dinero. Planificamos y ejecutamos las remodelaciones con la m\u00e1xima eficiencia, trabajando para que sus operaciones contin\u00faen con la menor afectaci\u00f3n posible, garantizando una <strong>entrega puntual<\/strong>.<\/li><li data-sourcepos=\"16:1-16:291\"><strong>Actualizaci\u00f3n de Marca y Experiencia:<\/strong> Transformamos sus espacios para reflejar las \u00faltimas tendencias de dise\u00f1o y las necesidades cambiantes de sus clientes. Creamos ambientes modernos, funcionales y atractivos que refuerzan la identidad de su marca y mejoran la experiencia de compra.<\/li><li data-sourcepos=\"17:1-17:262\"><strong>Optimizaci\u00f3n de Operaciones:<\/strong> M\u00e1s all\u00e1 de lo visual, nuestras remodelaciones buscan mejorar la eficiencia interna de sus establecimientos. Optimizamos la distribuci\u00f3n de espacios, integramos soluciones tecnol\u00f3gicas y mejoramos la ergonom\u00eda para su personal.<\/li><li data-sourcepos=\"18:1-19:0\"><strong>Coherencia y Est\u00e1ndares Nacionales:<\/strong> Aseguramos que cada remodelaci\u00f3n mantenga la coherencia con su imagen corporativa a nivel nacional, replicando la calidad y el dise\u00f1o en cada una de sus ubicaciones.<\/li><\/ul>\t\t\t\t\t\t\t\t<\/div>\n\t\t\t\t<\/div>\n\t\t\t\t<div class=\"elementor-element elementor-element-275f985 elementor-widget elementor-widget-button\" data-id=\"275f985\" data-element_type=\"widget\" data-widget_type=\"button.default\">\n\t\t\t\t<div class=\"elementor-widget-container\">\n\t\t\t\t\t\t\t\t\t<div class=\"elementor-button-wrapper\">\n\t\t\t\t\t<a class=\"elementor-button elementor-button-link elementor-size-sm\" href=\"http:\/\/vimsa.solutions\/wordpress\/portafolio\/\">\n\t\t\t\t\t\t<span class=\"elementor-button-content-wrapper\">\n\t\t\t\t\t\t\t\t\t<span class=\"elementor-button-text\">Portafolio<\/span>\n\t\t\t\t\t<\/span>\n\t\t\t\t\t<\/a>\n\t\t\t\t<\/div>\n\t\t\t\t\t\t\t\t<\/div>\n\t\t\t\t<\/div>\n\t\t\t\t<\/div>\n\t\t\t\t\t<\/div>\n\t\t\t\t<\/div>\n\t\t<div class=\"elementor-element elementor-element-3b51500 e-flex e-con-boxed e-con e-parent\" data-id=\"3b51500\" data-element_type=\"container\">\n\t\t\t\t\t<div class=\"e-con-inner\">\n\t\t<div class=\"elementor-element elementor-element-a795c7f e-con-full e-flex e-con e-child\" data-id=\"a795c7f\" data-element_type=\"container\">\n\t\t\t\t<div class=\"elementor-element elementor-element-c84114a elementor-widget elementor-widget-heading\" data-id=\"c84114a\" data-element_type=\"widget\" data-widget_type=\"heading.default\">\n\t\t\t\t<div class=\"elementor-widget-container\">\n\t\t\t\t\t<h2 class=\"elementor-heading-title elementor-size-default\">MANTENIMIENTO<\/h2>\t\t\t\t<\/div>\n\t\t\t\t<\/div>\n\t\t\t\t<div class=\"elementor-element elementor-element-a2e8f59 elementor-widget elementor-widget-text-editor\" data-id=\"a2e8f59\" data-element_type=\"widget\" data-widget_type=\"text-editor.default\">\n\t\t\t\t<div class=\"elementor-widget-container\">\n\t\t\t\t\t\t\t\t\t<p data-sourcepos=\"9:1-9:55\">Nuestros servicios de mantenimiento comercial incluyen:<\/p><ul data-sourcepos=\"11:1-15:0\"><li data-sourcepos=\"11:1-11:302\"><strong>Mantenimiento Preventivo y Predictivo Programado:<\/strong> Implementamos planes de mantenimiento a la medida, minimizando el riesgo de fallas y prolongando la vida \u00fatil de sus instalaciones y equipos. Desde sistemas el\u00e9ctricos y de climatizaci\u00f3n hasta acabados y fachadas, nos adelantamos a los problemas.<\/li><li data-sourcepos=\"12:1-12:255\"><strong>Mantenimiento Correctivo \u00c1gil:<\/strong> Contamos con equipos de respuesta r\u00e1pida para atender emergencias y reparaciones inesperadas en cualquiera de sus ubicaciones. Nuestra red nacional nos permite actuar con celeridad, reduciendo el tiempo de inactividad.<\/li><li data-sourcepos=\"13:1-13:265\"><strong>Inspecciones Regulares y Reportes Detallados:<\/strong> Realizamos auditor\u00edas peri\u00f3dicas para identificar \u00e1reas de mejora y potenciales riesgos. Le proporcionamos informes claros y concisos sobre el estado de sus activos, facilitando la toma de decisiones estrat\u00e9gicas.<\/li><li data-sourcepos=\"14:1-15:0\"><strong>Gesti\u00f3n Centralizada y Estandarizaci\u00f3n:<\/strong> Administramos el mantenimiento de todas sus propiedades desde una \u00fanica plataforma, asegurando la coherencia en los est\u00e1ndares de calidad y servicio en cada punto de venta a nivel nacional.<\/li><\/ul>\t\t\t\t\t\t\t\t<\/div>\n\t\t\t\t<\/div>\n\t\t\t\t<div class=\"elementor-element elementor-element-f470c53 elementor-widget elementor-widget-button\" data-id=\"f470c53\" data-element_type=\"widget\" data-widget_type=\"button.default\">\n\t\t\t\t<div class=\"elementor-widget-container\">\n\t\t\t\t\t\t\t\t\t<div class=\"elementor-button-wrapper\">\n\t\t\t\t\t<a class=\"elementor-button elementor-button-link elementor-size-sm\" href=\"http:\/\/vimsa.solutions\/wordpress\/portafolio\/\">\n\t\t\t\t\t\t<span class=\"elementor-button-content-wrapper\">\n\t\t\t\t\t\t\t\t\t<span class=\"elementor-button-text\">Portafolio<\/span>\n\t\t\t\t\t<\/span>\n\t\t\t\t\t<\/a>\n\t\t\t\t<\/div>\n\t\t\t\t\t\t\t\t<\/div>\n\t\t\t\t<\/div>\n\t\t\t\t<\/div>\n\t\t\t\t\t<\/div>\n\t\t\t\t<\/div>\n\t\t\t\t<\/div>\n\t\t","protected":false},"excerpt":{"rendered":"<p>Sabemos que cada nuevo espacio es una inversi\u00f3n estrat\u00e9gica que impacta directamente en su marca y rentabilidad. Por eso, nuestra propuesta se centra en: Escalabilidad y Estandarizaci\u00f3n: Desarrollamos y replicamos proyectos con la misma calidad y eficiencia, independientemente de la ubicaci\u00f3n. Esto garantiza la coherencia de su imagen corporativa y agiliza sus procesos de expansi\u00f3n [&hellip;]<\/p>\n","protected":false},"author":1,"featured_media":0,"parent":0,"menu_order":0,"comment_status":"closed","ping_status":"closed","template":"","meta":{"site-sidebar-layout":"no-sidebar","site-content-layout":"page-builder","ast-site-content-layout":"full-width-container","site-content-style":"unboxed","site-sidebar-style":"unboxed","ast-global-header-display":"","ast-banner-title-visibility":"","ast-main-header-display":"","ast-hfb-above-header-display":"","ast-hfb-below-header-display":"","ast-hfb-mobile-header-display":"","site-post-title":"disabled","ast-breadcrumbs-content":"","ast-featured-img":"disabled","footer-sml-layout":"","theme-transparent-header-meta":"","adv-header-id-meta":"","stick-header-meta":"","header-above-stick-meta":"","header-main-stick-meta":"","header-below-stick-meta":"","astra-migrate-meta-layouts":"set","ast-page-background-enabled":"default","ast-page-background-meta":{"desktop":{"background-color":"var(--ast-global-color-4)","background-image":"","background-repeat":"repeat","background-position":"center center","background-size":"auto","background-attachment":"scroll","background-type":"","background-media":"","overlay-type":"","overlay-color":"","overlay-opacity":"","overlay-gradient":""},"tablet":{"background-color":"","background-image":"","background-repeat":"repeat","background-position":"center center","background-size":"auto","background-attachment":"scroll","background-type":"","background-media":"","overlay-type":"","overlay-color":"","overlay-opacity":"","overlay-gradient":""},"mobile":{"background-color":"","background-image":"","background-repeat":"repeat","background-position":"center center","background-size":"auto","background-attachment":"scroll","background-type":"","background-media":"","overlay-type":"","overlay-color":"","overlay-opacity":"","overlay-gradient":""}},"ast-content-background-meta":{"desktop":{"background-color":"var(--ast-global-color-5)","background-image":"","background-repeat":"repeat","background-position":"center center","background-size":"auto","background-attachment":"scroll","background-type":"","background-media":"","overlay-type":"","overlay-color":"","overlay-opacity":"","overlay-gradient":""},"tablet":{"background-color":"var(--ast-global-color-5)","background-image":"","background-repeat":"repeat","background-position":"center center","background-size":"auto","background-attachment":"scroll","background-type":"","background-media":"","overlay-type":"","overlay-color":"","overlay-opacity":"","overlay-gradient":""},"mobile":{"background-color":"var(--ast-global-color-5)","background-image":"","background-repeat":"repeat","background-position":"center center","background-size":"auto","background-attachment":"scroll","background-type":"","background-media":"","overlay-type":"","overlay-color":"","overlay-opacity":"","overlay-gradient":""}},"footnotes":""},"class_list":["post-3311","page","type-page","status-publish","hentry"],"_links":{"self":[{"href":"http:\/\/vimsa.solutions\/wordpress\/wp-json\/wp\/v2\/pages\/3311","targetHints":{"allow":["GET"]}}],"collection":[{"href":"http:\/\/vimsa.solutions\/wordpress\/wp-json\/wp\/v2\/pages"}],"about":[{"href":"http:\/\/vimsa.solutions\/wordpress\/wp-json\/wp\/v2\/types\/page"}],"author":[{"embeddable":true,"href":"http:\/\/vimsa.solutions\/wordpress\/wp-json\/wp\/v2\/users\/1"}],"replies":[{"embeddable":true,"href":"http:\/\/vimsa.solutions\/wordpress\/wp-json\/wp\/v2\/comments?post=3311"}],"version-history":[{"count":43,"href":"http:\/\/vimsa.solutions\/wordpress\/wp-json\/wp\/v2\/pages\/3311\/revisions"}],"predecessor-version":[{"id":3765,"href":"http:\/\/vimsa.solutions\/wordpress\/wp-json\/wp\/v2\/pages\/3311\/revisions\/3765"}],"wp:attachment":[{"href":"http:\/\/vimsa.solutions\/wordpress\/wp-json\/wp\/v2\/media?parent=3311"}],"curies":[{"name":"wp","href":"https:\/\/api.w.org\/{rel}","templated":true}]}}